- 4140 = -1094, 2028 = 2*j - 4*v. What is the hundreds digit of j?
0
Let g = 207 - -56. What is the tens digit of g?
6
Let z = -11 - -21. Let f(u) = -16*u**3 + 39*u**2 + 5*u - 60. Let o(v) = -3*v**3 + 8*v**2 + v - 12. Let a(n) = 2*f(n) - 11*o(n). What is the units digit of a(z)?
2
Suppose -5*w = 5*g - 15, -2*g = -3*g + 1. Let p be (w/(-5))/(1/(-100)). Let t = p + -19. What is the tens digit of t?
2
Let w(f) = 38*f - 3. Let a(b) = b. Let h(x) = -6*a(x) + w(x). What is the tens digit of h(2)?
6
Let g(w) = -7*w - 1. Let z be g(6). Let j = z + 117. Let x = -49 + j. What is the units digit of x?
5
Let v(b) = 56*b**2 - 3*b - 4. What is the units digit of v(-3)?
9
Let d(g) = g**3 + 2*g**2 - 3*g - 1. Let k be d(-3). Let h = k + 3. Suppose 0 = -b + 4*j + 30, -h*j - 96 = -4*b + 2*j. What is the units digit of b?
2
Let k(f) = f**2 - f + 6. Let z be k(-4). What is the tens digit of 6*-1*z/(-3)?
5
Suppose -8 = 3*d - d. What is the hundreds digit of ((-216)/(-4) - d)*3?
1
Suppose 2*j - 268 + 46 = 0. Suppose 4*g - 7*g = -h + j, 0 = -h + 2*g + 116. What is the units digit of h?
6
Suppose -t + 16864 = -0*v + 4*v, 4*v - 16856 = t. What is the units digit of v?
5
Let d(x) = 4 + 7 + 24*x**2 - 12*x + 6 - 19*x**2. What is the hundreds digit of d(8)?
2
Let y(w) be the first derivative of 111*w**2/2 + 23. What is the units digit of y(1)?
1
Let l(m) be the third derivative of m**5/30 + 5*m**4/24 + m**3/2 + 4*m**2. What is the tens digit of l(4)?
5
Suppose -80 = -t - t. Suppose -b + 6*b - t = 0. What is the units digit of b?
8
Let o = 1081 - 700. Suppose 7*s - 165 = o. What is the tens digit of s?
7
Suppose 0 = -2*c + m - 52, 0 = 3*c - c + 4*m + 62. Let k(p) = 3*p. Let g be k(17). Let u = g + c. What is the tens digit of u?
2
Suppose -3*j - 2*x + 13349 = 2*j, -2*j - 4*x = -5330. What is the thousands digit of j?
2
Suppose -1772 = 2*p - 5*p - q, 5*p = q + 2940. What is the units digit of p?
9
Let i be ((-110)/(-6) + -4)*-3. Let v = 87 + i. What is the tens digit of v?
4
Let h(y) = y**3 - y**2 - 5*y - 9. Let o be (-2 - -1)/(21/(-105)). What is the tens digit of h(o)?
6
Suppose -4*v + 3*l + 90 = -24, 0 = -3*v - 4*l + 73. What is the units digit of v?
7
Let l be 18/(-4) - (-2)/(-4). Let n(u) = -19*u - 5. Let h(k) = 9*k + 3. Let o(s) = -5*h(s) - 2*n(s). What is the units digit of o(l)?
0
What is the units digit of (458/5)/(4 - 19/5)?
8
Suppose o - 1 = 0, -2*o - o = t + 93. Let p = t - -137. What is the tens digit of p?
4
Suppose 3*q - 3*k + 120 = 0, -q - 9 - 11 = 3*k. Let v = -30 + 16. Let c = v - q. What is the units digit of c?
1
Let u be 4 - (5 + 18)*22. Let z = -231 - u. What is the units digit of z?
1
Suppose -9*n = -5*n. Suppose -22 = -t + c + 6, n = -t - 2*c + 16. What is the tens digit of t?
2
Let a = -166 + 34. Let r = 147 + a. What is the tens digit of r?
1
What is the hundreds digit of (1144/198)/((-4)/(-234))?
3
Let h(y) = -y + 2 - 5*y + 3*y + y**2 + 6. Suppose 0 = -o + 1 + 5. What is the tens digit of h(o)?
2
Let q be (-3)/(-1*9/6). Suppose 5*r - 6*o - 38 = -q*o, -3*r = -3*o - 24. What is the units digit of r?
6
Let a = 67 + -23. Let r be 3 - a/(-4) - 2. What is the units digit of 5/(-20) + 375/r?
1
Suppose 306*i = 324*i - 30384. What is the thousands digit of i?
1
Let o(g) = 73*g - 4. Let x be o(6). Let m = x - 139. What is the tens digit of m?
9
Suppose -10 = -5*h - 0. Let b = h + -2. Suppose b = 6*a - 22 - 74. What is the tens digit of a?
1
Let s = -4155 - -8502. What is the hundreds digit of s?
3
Let q = -19 + 22. Suppose 0 = 4*k - q*k - 1. What is the tens digit of (-270)/(-8) - k/(-4)?
3
Let u = 1476 + -1090. What is the hundreds digit of u?
3
Suppose 3*r - 2 - 28 = 0. Suppose r = t - 36. Suppose 0 = -2*p + t + 66. What is the tens digit of p?
5
Let l(f) = 2*f. Let r be l(0). Suppose r = b - 4*b + 84. Let u = b + -14. What is the tens digit of u?
1
Suppose -2379*s - 11628 = -2388*s. What is the hundreds digit of s?
2
Let k = 12 + -9. Suppose 0*m = k*m - 66. What is the units digit of 0 + -1 + 3 + m?
4
Suppose -5*r - 10 = 0, 3*j + 4*r = -10 - 31. What is the units digit of (-2059)/j - -9*10/(-495)?
7
Let y be (-146)/(-30) + 24/180. Suppose 9*m = y*m + 64. What is the units digit of m?
6
What is the tens digit of (-1 - 46/(-8))*4?
1
Let z(g) = 11*g. Let r be z(1). Suppose i - b - 5 = 0, -5*i + 3*b = -r - 20. What is the units digit of i?
8
Let c = -33 + 25. Let y be 8/(5/(20/c)). What is the units digit of (-7)/(-14) + (-86)/y?
2
Let m(p) = p. Let n be m(-2). Let s(v) = v**3 + 11*v**2 - 13*v - 18. Let d be s(-12). What is the units digit of (9/n)/(3/d)?
9
Let s = 51 + -25. Let t = s - 21. Suppose 31 = x - t*n, -5*x - 2*n = 44 - 199. What is the units digit of x?
1
Let s = -9 + -5. Let o = s - -16. Suppose 2*a + 0*f = -5*f + 146, -a - o*f + 72 = 0. What is the units digit of a?
8
Let q = -1142 + 1701. What is the units digit of q?
9
Suppose 27 = -5*p + 7, -3*z + 2408 = 4*p. What is the tens digit of z?
0
Suppose -x - 3*h = -29, 2*h - 3*h = -2*x + 23. Suppose -2*o + 7*o = -30. Let c = x + o. What is the units digit of c?
8
Let f(w) = -w**3 - 11*w**2 - 10*w. Let l be f(-10). Let z(j) = -j + 69. Let s be z(l). Let i = s + -23. What is the tens digit of i?
4
Let u = -76 - -78. Suppose 2*m + 3*m = -u*g + 72, 2*g - 2 = 0. What is the units digit of m?
4
Let d = -33 - -33. What is the units digit of 1 + d - (-2 + 6 + -37)?
4
Let q be (-3 + 29)/(6/9). What is the tens digit of ((-33)/2)/(q/(-52))?
2
Suppose 0 = -4*f + 128 + 136. Suppose -3*j + 102 = -27. Let r = f - j. What is the units digit of r?
3
Let y be 3/(-7) + 1011/7. Let s = y + -46. What is the tens digit of s?
9
Let w = 33 + -32. Let k(t) = 145*t**2 + t - 2. What is the hundreds digit of k(w)?
1
Let t(v) = v**3 + 16*v**2 + 3*v + 18. Let n be t(-16). What is the units digit of ((-12)/(-10))/((-3)/n)?
2
Let t(m) = m + 14. Let z be t(-10). Suppose -k + z*d = -115, -2*k - d + 220 = d. Suppose -5*b = -14 - k. What is the units digit of b?
5
Suppose 4*x - 48 = 156. Suppose 78 = 4*y - 2*s - 0*s, 0 = 3*y - 3*s - x. Let h = y + 21. What is the units digit of h?
3
Let f(k) = -k**3 + 7*k**2 + 21*k + 27. What is the tens digit of f(-12)?
1
What is the units digit of (-1 - -4)*((1 - -653) + 12)?
8
Suppose 3*z + 0*z = 0. Suppose 0 = 3*x - 2*v + 6 - z, 5*v - 15 = 3*x. Suppose -d - 3*g + 0 - 2 = x, -d + 3*g = -10. What is the units digit of d?
4
Let k(p) = p**2 - 5*p - 10. Let d be k(7). Suppose u - d*r - 40 = 0, -4*u - 5*r + 73 = -45. Suppose 4*s + 3*z = u, -z = -0 - 4. What is the units digit of s?
5
Let i(t) = 2*t**3 + 3*t**2 + t + 228. What is the tens digit of i(0)?
2
Let a = 54 - 26. Suppose 0 = -2*p + f + 15, -5*p - 8 = f - a. Suppose 0 = -p*l - 5*q + 145, 5*l - q + 3*q - 133 = 0. What is the tens digit of l?
2
Suppose -31*z + 30*z = -277. What is the tens digit of z?
7
Let x = 53 + -31. Suppose 390 = x*m - 17*m. What is the units digit of m?
8
Let i be (-18)/(-4)*(-16)/(-24). Suppose -3*w - 5*l = -311, i*l - 208 - 305 = -5*w. What is the hundreds digit of w?
1
Let m(i) = 3*i**3 + i**2 - 14*i - 7. What is the hundreds digit of m(5)?
3
Suppose -25 = -2*s - s + 2*u, 3*u = -5*s + 48. What is the tens digit of 36/s*70/8?
3
Let d = -6 + 5. Let q(k) = 13*k**3 + k + 1. Let r be q(d). What is the units digit of 1 - (r + (-3)/(-1))?
1
Let g = -1861 - -4517. What is the tens digit of g?
5
Suppose -q = q - 160. Let x(u) = u**2 + 4*u - 5. Let k be x(-6). Suppose k*p - q = 2*p. What is the units digit of p?
6
Suppose -3*h - 647 = -2*v, -377 = -2*v - 2*h + 265. What is the tens digit of v?
2
Let v = 14 + -2. Suppose -2*l + v = l. Suppose g - l*k = 26, 2*k + 37 = 2*g - k. What is the units digit of g?
4
Let k(z) = -7*z + 5. Let b be k(-5). Suppose 55 + b = 5*x. Let i = x + -11. What is the units digit of i?
8
Let w be 1 + (-12)/4 + 0. What is the units digit of (w/4)/((-4)/872)?
9
Let m(r) = -6*r**3 - 16*r**2 - 17*r + 5. What is the units digit of m(-6)?
7
Suppose -h + 0*h = 4. Let m(t) = -t + 5. What is the units digit of m(h)?
9
Let x be (1 - -2)/12 + 8/(-32). Suppose -5*m - 14 + 259 = x. What is the units digit of m?
9
Suppose -5*l - n + 2335 = 0, 5*l + 6*n = 7*n + 2325. What is the hundreds digit of l?
4
What is the thousands digit of (4 + -1 + 7)*(-5057)/(-26)?
1
Let u(z) = z**3 + 9*z**2 + 8*z + 9. Let q be ((-6)/7)/(1